e highest common divisor of 17 and 901?
17
Calculate the greatest common factor of 50 and 350.
50
Calculate the greatest common divisor of 136 and 4250.
34
Calculate the highest common factor of 510 and 90.
30
What is the greatest common divisor of 315 and 60?
15
What is the highest common factor of 198 and 306?
18
Calculate the highest common divisor of 92 and 118772.
92
Calculate the greatest common factor of 200 and 140.
20
What is the greatest common factor of 80 and 10?
10
Calculate the highest common divisor of 28 and 1757.
7
What is the highest common divisor of 2173 and 53?
53
What is the highest common divisor of 935 and 165?
55
Calculate the greatest common divisor of 55 and 5.
5
Calculate the highest common factor of 13 and 1053.
13
Calculate the greatest common factor of 480 and 800.
160
What is the highest common factor of 13 and 7735?
13
Calculate the highest common divisor of 385 and 315.
35
Calculate the greatest common divisor of 10990 and 14.
14
What is the highest common divisor of 126 and 266?
14
What is the highest common factor of 7774 and 1521?
169
Calculate the highest common divisor of 1989 and 153.
153
What is the greatest common divisor of 7 and 5068?
7
Calculate the greatest common divisor of 303 and 15.
3
Calculate the greatest common divisor of 2515 and 15.
5
What is the highest common divisor of 9 and 141?
3
What is the greatest common divisor of 18920 and 33?
11
What is the greatest common factor of 1827 and 189?
63
Calculate the highest common factor of 14650 and 50.
50
What is the highest common factor of 98 and 16954?
98
Calculate the highest common factor of 5 and 265.
5
What is the greatest common divisor of 36 and 1773?
9
What is the greatest common divisor of 99 and 352?
11
What is the greatest common factor of 10 and 30?
10
What is the greatest common factor of 43927 and 13?
13
Calculate the highest common factor of 7410 and 104.
26
What is the greatest common divisor of 258 and 606?
6
What is the highest common divisor of 90 and 470?
10
What is the greatest common divisor of 96 and 5856?
96
What is the greatest common factor of 151 and 25?
1
Calculate the greatest common factor of 3 and 1383.
3
Calculate the greatest common factor of 608 and 64.
32
What is the highest common divisor of 360 and 72?
72
Calculate the highest common divisor of 1978 and 86.
86
What is the greatest common factor of 261 and 174?
87
Calculate the highest common divisor of 21 and 2961.
21
What is the greatest common divisor of 5504 and 48?
16
Calculate the greatest common factor of 1243 and 176.
11
What is the highest common factor of 11619 and 9?
9
Calculate the highest common factor of 32 and 10952.
8
What is the highest common divisor of 57 and 24852?
57
What is the highest common factor of 117 and 1703?
13
What is the greatest common divisor of 180 and 110?
10
What is the highest common divisor of 11 and 913?
11
Calculate the highest common factor of 74 and 7955.
37
Calculate the highest common factor of 663 and 102.
51
What is the highest common factor of 3915 and 145?
145
What is the greatest common divisor of 23482 and 236?
118
Calculate the greatest common divisor of 848 and 400.
16
Calculate the greatest common divisor of 126 and 900.
18
Calculate the highest common divisor of 147 and 13818.
147
What is the greatest common divisor of 351 and 54?
27
What is the greatest common factor of 1545 and 30?
15
Calculate the highest common factor of 1330 and 14.
14
What is the greatest common divisor of 54 and 99?
9
What is the highest common divisor of 128 and 80?
16
What is the highest common divisor of 1926 and 36?
18
What is the greatest common divisor of 1225 and 98?
49
What is the greatest common divisor of 65 and 13?
13
What is the highest common factor of 8 and 16?
8
What is the highest common divisor of 33 and 88?
11
Calculate the highest common factor of 115 and 23.
23
Calculate the highest common divisor of 180 and 3.
3
What is the greatest common factor of 272 and 34?
34
Calculate the greatest common divisor of 784 and 16.
16
What is the highest common factor of 1274 and 2002?
182
Calculate the greatest common factor of 88 and 429.
11
Calculate the highest common divisor of 240 and 54.
6
Calculate the greatest common divisor of 8 and 9368.
8
What is the greatest common divisor of 1890 and 210?
210
Calculate the highest common factor of 448 and 7.
7
Calculate the highest common divisor of 38 and 1216.
38
Calculate the highest common factor of 66000 and 200.
200
Calculate the greatest common divisor of 11683 and 7.
7
Calculate the greatest common factor of 26 and 104.
26
Calculate the highest common divisor of 61 and 427.
61
What is the greatest common factor of 8 and 78?
2
Calculate the greatest common divisor of 2280 and 600.
120
Calculate the highest common divisor of 468 and 118404.
468
Calculate the greatest common factor of 35 and 15.
5
Calculate the greatest common factor of 72 and 3708.
36
Calculate the highest common factor of 4619 and 1639.
149
Calculate the greatest common factor of 966 and 28.
14
What is the greatest common factor of 20 and 1012?
4
Calculate the highest common divisor of 50 and 675.
25
Calculate the greatest common factor of 3243 and 282.
141
What is the greatest common divisor of 5662 and 76?
38
Calculate the highest common factor of 7 and 26334.
7
What is the greatest common divisor of 1116 and 96?
12
What is the greatest common factor of 85 and 240?
5
Calculate the greatest common factor of 396 and 660.
132
What is the highest common divisor of 90 and 1530?
90
What is the greatest common divisor of 6771 and 111?
111
Calculate the greatest common factor of 549 and 122.
61
What is the greatest common divisor of 18 and 696?
6
What is the greatest common factor of 1920 and 12?
12
Calculate the greatest common factor of 18 and 1629.
9
Calculate the greatest common factor of 12460 and 89.
89
Calculate the greatest common factor of 96 and 18.
6
Calculate the greatest common factor of 31 and 59.
1
Calculate the greatest common divisor of 70 and 56.
14
What is the greatest common factor of 322 and 10235?
23
What is the greatest common factor of 900 and 36?
36
Calculate the highest common divisor of 280 and 24220.
140
Calculate the highest common factor of 126 and 21.
21
What is the greatest common divisor of 29256 and 12?
12
Calculate the highest common factor of 4392 and 72.
72
Calculate the greatest common divisor of 208 and 182.
26
Calculate the greatest common divisor of 108 and 8796.
12
What is the highest common factor of 731 and 86?
43
What is the greatest common divisor of 28 and 7014?
14
Calculate the greatest common divisor of 312 and 8.
8
What is the highest common divisor of 70 and 15?
5
What is the greatest common factor of 38 and 12?
2
Calculate the highest common factor of 250 and 17300.
50
Calculate the greatest common divisor of 48 and 6636.
12
Calculate the greatest common divisor of 76 and 4294.
38
Calculate the greatest common divisor of 948 and 12.
12
Calculate the greatest common factor of 95 and 7315.
95
What is the highest common factor of 1717 and 17?
17
Calculate the greatest common divisor of 37909 and 227.
227
What is the highest common factor of 803 and 365?
73
What is the highest common divisor of 6 and 78?
6
Calculate the highest common factor of 114 and 76.
38
What is the highest common factor of 119 and 28?
7
Calculate the highest common factor of 112 and 136.
8
What is the highest common factor of 3 and 9?
3
Calculate the greatest common factor of 6 and 678.
6
What is the highest common divisor of 226 and 17289?
113
Calculate the highest common factor of 4833 and 3043.
179
What is the highest common divisor of 208 and 377?
13
What is the greatest common divisor of 154 and 14?
14
Calculate the highest common factor of 1323 and 609.
21
What is the highest common factor of 8 and 8?
8
Calculate the highest common divisor of 130 and 4355.
65
Calculate the greatest common divisor of 3610 and 950.
190
Calculate the greatest common divisor of 47 and 1269.
47
Calculate the highest common divisor of 44 and 77.
11
Calculate the greatest common divisor of 1430 and 20.
10
Calculate the greatest common factor of 105 and 35.
35
Calculate the highest common factor of 1653 an